4 - -19).
-8
What is -1 + -4 + (-8 - -7) + 8?
2
Evaluate (-3 - (4 + -9)) + 5 + -13 + -11.
-17
Calculate 23 + 18 + (0 + -8 - (-2 + 4)).
31
Calculate (46 - (-10 + 43)) + -24.
-11
-16 + -5 + -1 + 11
-11
What is the value of (-10 + 25 - 18) + (-4 + 4 - 2)?
-5
What is -12 + 15 + (-4 + 8 - (4 + -2))?
5
What is the value of -3 + 6 + 1 + -14?
-10
Calculate (1 - -2) + 25 + -44 + 4.
-12
What is the value of 0 - -11 - (-111 + 114)?
8
What is 15 + (-3 - -12) + -4 - (-185 + 181)?
24
What is the value of -7 + (-4 + 6 + -10 - (34 + -61))?
12
Evaluate (-18 + 31 - 2) + -8.
3
Calculate -3 - (-2 + (-3 - 0) - (3 + -1)).
4
Calculate 13 + -16 + 11 - 14.
-6
What is 10 + 3 + (2 - (3 + -1) - 5)?
8
What is the value of (-31 - -37) + (-1 - 1 - (1 - -17))?
-14
What is the value of -233 - -193 - ((4 - 8) + -12)?
-24
Evaluate 3 - (-2 + 9 - 8).
4
What is the value of -6 - (23 - 5 - 7) - -10?
-7
Evaluate (-36 - -47) + -24 + (0 - 0).
-13
What is the value of 201 - 211 - (-2 + (-2 - -1) - -1)?
-8
What is the value of 1 + 5 - (1 - -31 - 32)?
6
Calculate -8 + (8 - 10) + 10 + (-1 - -2).
1
14 - (-3 - (30 + -26))
21
What is (16 - 20) + -2 + (-1 - 12)?
-19
Calculate -17 - (-43 + 22 + -5).
9
-3 - (-4 + 1 + 7 + -6 - -7)
-8
What is -1 + -3 - (7 + -34 + 4 + 3)?
16
What is -8 + (-12 + -1 - (2 - 14))?
-9
-15 + (-12 - -10) - 2
-19
(-5 - -17) + -16 + 18
14
Calculate 2 - -5 - (33 - 20) - (-14 - -14).
-6
What is the value of -13 + (-13 - -29) - -3?
6
What is -8 - (-24 - (10 + -15)) - (1 + 2)?
8
What is -9 - (-10 + -2) - 9 - 5?
-11
Calculate -7 + 0 - (13 + (-6 - (-4 - -28))).
10
What is -3 + 5 + -1 - (6 + 10 + -18)?
3
10 - 1 - ((63 - 64) + -1 + 1)
10
Evaluate (-28 - 10) + (-1 - 1 - (-13 + 5)).
-32
Evaluate -38 + 1 + 1 + 1 + -28 + 30.
-33
What is -1 + -15 + (-326 - -363)?
21
Evaluate -28 - -12 - -12 - (-2 - -8).
-10
What is 13 + -3 + -10 + -5?
-5
Evaluate -1 + 11 + 3 + -21 + 16 - -4.
12
134 + -130 + -9 + -2
-7
What is 11 - 2 - (-100 + 117)?
-8
What is the value of 16 - (-11 + 3 + 20)?
4
What is the value of 18 + -24 + 21 + -14?
1
What is the value of (-8 - (-1 - (2 + -10))) + 3?
-12
Evaluate (40 - 45) + -10 - (-8 - 1).
-6
-21 - (2 - (4 + 8))
-11
10 - (4 - 8) - 16
-2
What is -38 + 0 - -71 - 23?
10
Evaluate (-255 - -226) + 48 + 2.
21
Evaluate -1 + 24 + 22 + -20 + -5 + 1.
21
-43 + 28 + 2 + -1
-14
What is the value of -1 - (43 + -41 + (-12 - -1) + -3)?
11
What is -64 + 48 + 17 - (10 - (1 + 0))?
-8
What is 50 + 5 + (57 - 95)?
17
What is (-18 - (-3 - (5 - 9))) + -4 + 9?
-14
Evaluate 15 - (-12 - -17 - -7).
3
2 + -1 + (-3 - 0 - -17)
15
(37 - 38 - (0 - 8)) + -12 + 4
-1
What is 1 + -2 + 8 - (-3 - -8)?
2
What is the value of 9 - (-21 + (42 - 7))?
-5
What is -445 - -439 - (2 + -24)?
16
What is -1 - (2 + -1 - (3 + 2 - -2))?
5
-35 - (40 + -94) - -5
24
What is -9 - (-11 - -2) - (-9 + 19)?
-10
What is the value of -16 + 6 + 15 + -7?
-2
Evaluate 7 - ((-23 - -14 - -3) + (1 - -5)).
7
4 + (-7 + 13 - 18) - (-1 - 33)
26
Calculate -12 + 2 + (17 - 1) + (-34 - -13).
-15
Evaluate -152 + 146 + (9 - -1) + (2 - -1).
7
(4 - 5) + 2 - (-13 + 31)
-17
-7 + 2 + 1 + -5 - (-5 + 5)
-9
Calculate (3 - -7 - (9 + -4) - -1) + 0.
6
What is 5 + (9 - (-3 - (-3 + -5)))?
9
What is the value of 1 - 5 - 0 - (2 - 6 - -3)?
-3
What is -1 - (0 - (-18 - -7))?
-12
What is -1 - (-7 - (4 - (6 - -2) - 4))?
-2
What is -5 + 0 + (2 - 0) - -1?
-2
What is 5 + (-4 - (10 - (11 - 5)))?
-3
Evaluate (0 - 8) + (-7 - -2 - -4).
-9
(7 - -12 - 17) + 8 + -27
-17
What is (-1 - -20) + 297 + -298?
18
Evaluate 16 + (-2 + -2 - (15 - 20)) + 0.
17
What is 2 + 5 - -2 - (11 + -4 + -11)?
13
What is (53 - 17) + -17 - (-6 - -2)?
23
What is the value of (-4 - (-9 + (4 - 1))) + (-7 - 3)?
-8
-15 + (4 - 1 - 0) - -21
9
What is the value of -3 + 19 + 1 + -12 + 8 + 12?
25
What is the value of 12 - ((-2 + 0 - (32 - 27)) + 0)?
19
What is the value of (7 - 20 - (-1 + 1)) + -8 - -5?
-16
What is 11 + -4 + 17 + (11 - 19) + -26?
-10
What is the value of -26 - (-25 + 11 + 2)?
-14
(11 - 2) + -15 + (6 - 1) + 14
13
What is -1 + -5 + (14 - 15) + 21?
14
Calculate 14 + 3 + (-5 - 7 - -2) + -4.
3
What is the value of -1 + 6 - (-18 + (-5 - -14) - 3)?
17
Calculate -1 + 34 - (6 + -7 - -11).
23
Evaluate 16 + (19 - (8 + -11 + 9)).
29
What is 1557 + -1575 - (2 + 2 + -1)?
-21
-11 + 19 + -7 + -3 + -3
-5
81 + -23 + -36 + (-8 - (-2 - -2))
14
Evaluate -5 + (7 - 1) + -32 + 28.
-3
Calculate 4 + -8 + 4 - 10 - (5 - 0).
-15
What is the value of -8 + (23 - 0) - 9?
6
Evaluate 26 - (-6 + 7) - (10 - 2).
17
Calculate (6 - 0 - (-3 + 9)) + 10 + 1.
11
Evaluate -5 - (-34 + (1 - (-2 - -7)) + 10).
23
What is 5 + -1 - (-111 - -110)?
5
Calculate 3 + -22 - (-5 + 13 - (4 + 5)).
-18
Evaluate (1 - -6 - (-4 - -3)) + (-934 - -928).
2
(-1 - 3) + (2 + -1 - 2) + -6
-11
-597 - -646 - (22 + 1)
26
-2 + -4 + 4 + 0 + 8 + -24
-18
What is -4 + -2 - (-32 + -4 + (3 - -9))?
18
What is the value of -25 + (33 + -15 - -12)?
5
(-28 - (23 + -21)) + (2 - -8)
-20
Calculate 2 - (-16 + 18 - -13 - -17).
-30
10 + -25 + 16 - (1 + -12)
12
What is -13 + -4 + (4 - 23) + 13?
-23
Evaluate 0 - -5 - -13 - (-5 - -4 - -3).
16
Evaluate (7 - (-48 - -59)) + (20 - (3 + -1)).
14
What is 2 + 0 + (-133 - -121)?
-10
What is (1 - 5) + (1 - 6 - -4)?
-5
What is the value of (-31 - -24) + (-2 - -12)?
3
Calculate 10 - (9 + 4 + -4 + -5 - 7).
13
-6 - -8 - (0 + -3) - (-1 - -4)
2
Evaluate -94 - -104 - (-3 - (-3 - -3)).
13
What is 9 + 0 - (6 + -2 + 10)?
-5
What is (5 - (10 + -7) - -3) + 30 + -10?
25
Evaluate 9 - 6 - (-3 + 0 + 8 + 2).
-4
Evaluate (35 - (17 - -31)) + 1.
-12
Calculate -6 + (-48 + 9 - -75).
30
Evaluate -7 + 14 + 25 - 19.
13
Evaluate 0 + (-6 - -6) - ((0 - 2) + 13).
-11
Evaluate -26 - ((-1 - ((-10 - -14) + 5)) + -2).
-14
What is (-3 - -5 - 1) + 0 + 7?
8
Evaluate 4 + (9 - (14 + -8 + 3)) + -1.
3
Calculate (0 - 1) + (97 - 83) + (-18 - -2).
-3
-11 + (-5 - (-8 - 15))
7
What is (-15 - (23 - 49)) + -9?
2
What is -10 + 28 - 5 - 19?
-6
Evaluate 23 + -18 - (30 - 15).
-10
What is 7 - 12 - (7 + 1 + 0)?
-13
What is the value of -1 - 3 - (-336 - -352)?
-20
What is the value of 10 + (-75 - -81) + (-2 - (-4 + -10))?
28
Calculate -8 + -9 + 2 + (-76 - -62).
-29
What is the value of -7 - (-31 - (-37 + 13))?
0
Evaluate 17 + (-31 - -11) - 21.
-24
What is the value of -6 - (40 - 44 - 33)?
31
What is -10 + 0 - 1 - (-72 - (20 + -67))?
14
Calculate (-63 - 1) + (993 - 959).
-30
What is the value of 8 + (-7 - (10 - (-9 + (7 - -6))))?
-5
What is the value of -8 + -8 + (7 - -3) - 3?
-9
Calculate (-17 - (2 + -10 - -8 - -6)) + 7.
-16
Evaluate 5 + (96 - 27) - 33.
41
35 - (-14 - -13 - -16 - 9)
29
What is (2 - (-6 - 31)) + -10?
29
Evaluate 30 + -29 - (3 - -1 - 29).
26
15 - ((27 - -3) + -13)
-2
What is the value of -13 - (-3 - (-6 - (-6 + -7)))?
-3
Calculate (12 + -17 - 4 - -11) + (1 - -10).
13
What is the value of (2 - 9) + (19 - -8) - (8 + 0)?
12
245 + -256 - (-2 - (-2 + 22))
11
-29 + 20 - (3 - 1)
-11
Evaluate 11 + -23 - -24 - 9 - (-8 - 3).
14
What is (-2 - 12) + 74 + -66?
-6
Calculate -852 + 859 + 0 + (0 - -7).
14
What is (-22 - 7) + 11 + 11?
-7
(-17 - -1) + (-4 - (-3 + 12))
-29
What is the value of 30 - (7 - (10 - 25))?
8
Calculate (10 - -4) + (21 - 38).
-3
What is the value of -13 - (-115 + 91 - (-8 + 1))?
4
Evaluate (-8 - -7 - -4) + (2 - -8).
13
Calculate -3 + (-10 - (-6 - 10)) - (-2 + 8).
-3
22 + (-13 - (-1 - 16) - 14)
12
What is (-88 - -81) + (-24 - -1) + (7 - -1)?
-22
Calculate -5 + (-6 - (5 + -4 + -7)) + 10.
5
What is the value of -4 + 0 + 12 + -53 + 42?
-3
3 + 2 - 2 - -2 - (2 - -11)
-8
Calculate (-17 - (14 - 30)) + 25.
24
-8 - -8 - -8 - 9 - 8
-9
Evaluate -31 + (38 + -18 - 22).
-33
What is the value of 17 - -8 - (-17 - (0 + -29))?
13
Calculate 15 + (8 - 4) + -3.
16
Calculate 15 + (5 - 11) + (-18 - -1).
-8
20 - (25 - 12 - 4)
11
Evaluate -112 + 117 - (23 + -2 - -1).
-17
Evaluate (-39 + 56 - 17) + 14.
14
20 + 14 - 27 - 40
-33
Calculate (38 - 33) + -3 + 13.
15
What is -23 - (-18 + (10 - 2))?
-13
Calculate (1 - -5 - (1 + -1 + 13)) + 15.
8
Calculate (12 + -18 - -5) + (-19 - (1 + -1)).
-20
Evaluate (7 - 5) + -16 - 0 - -11.
-3
Evaluate -4 - (-6 + 1 - (12 + -1 + 0)).
12
What is (-4 + 2 - -10 - (541 - 544)) + 4?
15
What is -3 - 14 - (-82 - -60)?
5
What is 0 + 2 + -15 + (-27 + 35 - 6)?
-11
-1 - (0 - -9) - (-596 + 572)
14
What is 8 - (8 + -13 + 5 - 4)?
12
Evaluate (-12 - -4) + (-14 - 5) + 16.
-11
Calculate 0